{"id":908,"date":"2018-05-24T20:31:38","date_gmt":"2018-05-24T18:31:38","guid":{"rendered":"https:\/\/seerosenteich-zillbach.de\/main\/?page_id=908"},"modified":"2018-05-24T21:19:58","modified_gmt":"2018-05-24T19:19:58","slug":"datenschutzerklaerung","status":"publish","type":"page","link":"https:\/\/seerosenteich-zillbach.de\/main\/datenschutzerklaerung\/","title":{"rendered":"Datenschutzerkl\u00e4rung"},"content":{"rendered":"<h2><\/h2>\n<h2><span style=\"color: #ffcc99;\">Allgemeines<\/span><\/h2>\n<p>Die Adresse unserer Website ist: https:\/\/seerosenteich-zillbach.de. Die Inhalte der Website und alle anfallenden Daten werden verschl\u00fcsselt \u00fcbertragen. Im folgenden wird der Begriff der Datenspeicherung verwendet. Datenspeicherung bezieht sich immer nur auf jene Daten, die von deinem Standpunkt aus gesendet werden. Zudem wirst du auf den Begriff der Datenerhebung sto\u00dfen. Dieser bezeichnet nur die Erfassung von Nutzungsdaten im Rahmen deines Besuches hier.<\/p>\n<p>&nbsp;<\/p>\n<h2><span style=\"color: #ffcc99;\">Personenbezogene Daten<\/span><\/h2>\n<h3>Kommentare und G\u00e4stebuch<\/h3>\n<p>Wenn Besucher Kommentare auf der Website schreiben, sammeln wir die Daten, die im Formular angezeigt werden, au\u00dferdem die IP-Adresse des Besuchers und den User-Agent-String (damit wird der Browser identifiziert), um die Erkennung von Spam zu unterst\u00fctzen. Aus deiner E-Mail-Adresse kann eine anonymisierte Zeichenfolge erstellt (auch Hash genannt) und dem Gravatar-Dienst \u00fcbergeben werden, um zu pr\u00fcfen, ob du diesen benutzt. Die Datenschutzerkl\u00e4rung des Gravatar-Dienstes findest du hier: https:\/\/automattic.com\/privacy\/. Nachdem dein Kommentar freigegeben wurde, ist dieser \u00f6ffentlich einsehbar.<\/p>\n<h3>Kontaktformulare<\/h3>\n<p>Diese Website besitzt kein integriertes Kontaktformular. Bei Kontaktaufnahme wird stehts ein Link erzeugt, welcher dich weiterleitet oder ein lokal installiertes Programm aufruft. Dabei werden keine Daten erhoben.<\/p>\n<h3>Cookies<\/h3>\n<p>Diese Website verwendet keine Cookies.<\/p>\n<h3>Eingebettete Inhalte von anderen Websites<\/h3>\n<p>Beitr\u00e4ge auf dieser Website k\u00f6nnen eingebettete Inhalte beinhalten (z.\u00a0B. Videos, Bilder, Beitr\u00e4ge etc.). Eingebettete Inhalte von anderen Websites verhalten sich exakt so, als ob der Besucher die andere Website besucht h\u00e4tte. Diese Websites k\u00f6nnen Daten \u00fcber dich sammeln, Cookies benutzen, zus\u00e4tzliche Tracking-Dienste von Dritten einbetten und deine Interaktion mit diesem eingebetteten Inhalt aufzeichnen, inklusive deiner Interaktion mit dem eingebetteten Inhalt, falls du ein Konto hast und auf dieser Website angemeldet bist.<\/p>\n<h3>Analysedienste<\/h3>\n<p>Google Analytics stellt grundlegende Daten zu deinem Verhalten auf dieser Website zur Verf\u00fcgung. <a href=\"https:\/\/policies.google.com\/privacy?hl=de\">Weitere Informationen<\/a><\/p>\n<p>ShareThis stellt Funktionen bereit, die es dir erlauben, bestimmte Inhalte auf sozialen Plattformen zu teilen. Die Funktion ist besonders f\u00fcr mobile Endger\u00e4te n\u00fctzlich. <a href=\"https:\/\/www.sharethis.com\/privacy\/\">Weitere Informationen<\/a><\/p>\n<p>&nbsp;<\/p>\n<h2><span style=\"color: #ffcc99;\">Datenverarbeitung<\/span><\/h2>\n<h3>Mit wem wir deine Daten teilen<\/h3>\n<p>Es gibt keinen Grund f\u00fcr uns, deine Daten mit Dritten zu teilen.<\/p>\n<h3>Wie lange wir deine Daten speichern<\/h3>\n<p>Es ist nicht vorgesehen, dass du Daten auf dieser Website speichern kannst. Jedoch kann die Nutzung dieser Website Daten erzeugen, die der gesetzlichen Aufbewahrungsfrist unterliegen.<\/p>\n<h3>Wohin wir deine Daten senden<\/h3>\n<p>Besucher-Kommentare k\u00f6nnten von einem automatisierten Dienst zur Spam-Erkennung untersucht werden.<\/p>\n<p>&nbsp;<\/p>\n<h2><span style=\"color: #ffcc99;\">Weitere Informationen<\/span><\/h2>\n<h3>Wie wir deine Daten sch\u00fctzen<\/h3>\n<p>Es werden nur Daten erhoben welche die Funktion der Website gew\u00e4hrleisten. Wir achten stehts darauf, vor der Einf\u00fchrung oder Aktivierung neuer Funktionen die geltenden Datenschutzbestimmungen einzuhalten und dich \u00fcber \u00c4nderungen rechtzeitig zu informieren.<\/p>\n<h3>Welche Ma\u00dfnahmen wir bei Datenschutzverletzungen anbieten<\/h3>\n<p>Bitte kontaktiere uns \u00fcber <a href=\"https:\/\/seerosenteich-zillbach.de\/main\/kontakt\/\">Email<\/a>.<\/p>\n<h3>Von welchen Drittanbietern wir Daten erhalten<\/h3>\n<p>Gravatar kann Informationen aus deinem Gravatar Account dieser Website zur Verf\u00fcgung stellen. WordPress kann Informationen aus deinem WordPress Acount dieser Website zur Verf\u00fcgung stellen. Youtube kann Informationen aus deinem Youtube Account dieser Website zur Verf\u00fcgung stellen.<\/p>\n<h3>Welche automatisierte Entscheidungsfindung und\/oder Profilerstellung wir mit Benutzerdaten durchf\u00fchren<\/h3>\n<p>Momentan gibt es keine solchen Prozesse auf dieser Website<\/p>\n<h3>Industrielle aufsichtsrechtliche Regulierungsanforderungen<\/h3>\n<p>Momentan gibt es keine solchen Anforderungen die sich auf diese Website beziehen.<\/p>\n","protected":false},"excerpt":{"rendered":"<p>Allgemeines Die Adresse unserer Website ist: https:\/\/seerosenteich-zillbach.de. Die Inhalte der Website und alle anfallenden Daten werden verschl\u00fcsselt \u00fcbertragen. Im folgenden wird der Begriff der Datenspeicherung verwendet. Datenspeicherung bezieht sich immer nur auf jene Daten, die von deinem Standpunkt aus gesendet <a class=\"more-link\" href=\"https:\/\/seerosenteich-zillbach.de\/main\/datenschutzerklaerung\/\">Weiterlesen\u00a0\u2026<\/a><\/p>\n","protected":false},"author":1,"featured_media":0,"parent":0,"menu_order":0,"comment_status":"closed","ping_status":"closed","template":"","meta":{"footnotes":""},"class_list":["post-908","page","type-page","status-publish","hentry"],"_links":{"self":[{"href":"https:\/\/seerosenteich-zillbach.de\/main\/wp-json\/wp\/v2\/pages\/908","targetHints":{"allow":["GET"]}}],"collection":[{"href":"https:\/\/seerosenteich-zillbach.de\/main\/wp-json\/wp\/v2\/pages"}],"about":[{"href":"https:\/\/seerosenteich-zillbach.de\/main\/wp-json\/wp\/v2\/types\/page"}],"author":[{"embeddable":true,"href":"https:\/\/seerosenteich-zillbach.de\/main\/wp-json\/wp\/v2\/users\/1"}],"replies":[{"embeddable":true,"href":"https:\/\/seerosenteich-zillbach.de\/main\/wp-json\/wp\/v2\/comments?post=908"}],"version-history":[{"count":33,"href":"https:\/\/seerosenteich-zillbach.de\/main\/wp-json\/wp\/v2\/pages\/908\/revisions"}],"predecessor-version":[{"id":943,"href":"https:\/\/seerosenteich-zillbach.de\/main\/wp-json\/wp\/v2\/pages\/908\/revisions\/943"}],"wp:attachment":[{"href":"https:\/\/seerosenteich-zillbach.de\/main\/wp-json\/wp\/v2\/media?parent=908"}],"curies":[{"name":"wp","href":"https:\/\/api.w.org\/{rel}","templated":true}]}}